{"id":14196,"date":"2022-01-24T18:47:02","date_gmt":"2022-01-24T18:47:02","guid":{"rendered":"https:\/\/charme-caractere.org\/product\/cotisation-2022-pour-le-belvedere\/"},"modified":"2022-01-24T18:47:02","modified_gmt":"2022-01-24T18:47:02","slug":"le-belvedere","status":"publish","type":"product","link":"https:\/\/charme-caractere.org\/es\/le-belvedere\/","title":{"rendered":"Le Belv\u00e9d\u00e8re : cotisation 2022"},"content":{"rendered":"","protected":false},"excerpt":{"rendered":"<p>Votre cotisation pour l\u2019ann\u00e9e 2022 au r\u00e9seau Cosy Places  en tant qu\u2019h\u00f4tel 3 \u00e9toiles avec 22 chambres et 1 restaurant aurait du s\u2019\u00e9l\u00e8ver \u00e0 580 \u20ac H.T.<br \/>En raison des difficult\u00e9s li\u00e9 \u00e0 la pand\u00e9mie, nous vous accordons une remise exceptionelle qui baisse le montant de votre cotisation \u00e0 480 \u20ac H.T.<br \/>Merci de votre confiance !<\/p>\n","protected":false},"featured_media":14197,"template":"","meta":[],"product_cat":[143],"product_tag":[],"yoast_head":"<!-- This site is optimized with the Yoast SEO Premium plugin v17.2 (Yoast SEO v19.10) - https:\/\/yoast.com\/wordpress\/plugins\/seo\/ -->\n<title>Le Belv\u00e9d\u00e8re : cotisation 2022 - Charme &amp; Caract\u00e8re<\/title>\n<meta name=\"robots\" content=\"index, follow, max-snippet:-1, max-image-preview:large, max-video-preview:-1\" \/>\n<link rel=\"canonical\" href=\"https:\/\/charme-caractere.org\/es\/le-belvedere\/\" \/>\n<meta property=\"og:locale\" content=\"es_ES\" \/>\n<meta property=\"og:type\" content=\"article\" \/>\n<meta property=\"og:title\" content=\"Le Belv\u00e9d\u00e8re : cotisation 2022\" \/>\n<meta property=\"og:description\" content=\"Votre cotisation pour l\u2019ann\u00e9e 2022 au r\u00e9seau Cosy Places en tant qu\u2019h\u00f4tel 3 \u00e9toiles avec 22 chambres et 1 restaurant aurait du s\u2019\u00e9l\u00e8ver \u00e0 580 \u20ac H.T.En raison des difficult\u00e9s li\u00e9 \u00e0 la pand\u00e9mie, nous vous accordons une remise exceptionelle qui baisse le montant de votre cotisation \u00e0 480 \u20ac H.T.Merci de votre confiance !\" \/>\n<meta property=\"og:url\" content=\"https:\/\/charme-caractere.org\/es\/le-belvedere\/\" \/>\n<meta property=\"og:site_name\" content=\"Charme &amp; Caract\u00e8re\" \/>\n<meta property=\"article:publisher\" content=\"https:\/\/www.facebook.com\/hotelscharmecaractere\/\" \/>\n<meta property=\"og:image\" content=\"https:\/\/charme-caractere.org\/wp-content\/uploads\/2022\/01\/DJI_00071.jpg\" \/>\n\t<meta property=\"og:image:width\" content=\"1972\" \/>\n\t<meta property=\"og:image:height\" content=\"1313\" \/>\n\t<meta property=\"og:image:type\" content=\"image\/jpeg\" \/>\n<meta name=\"twitter:card\" content=\"summary_large_image\" \/>\n<script type=\"application\/ld+json\" class=\"yoast-schema-graph\">{\"@context\":\"https:\/\/schema.org\",\"@graph\":[{\"@type\":\"WebPage\",\"@id\":\"https:\/\/charme-caractere.org\/es\/le-belvedere\/\",\"url\":\"https:\/\/charme-caractere.org\/es\/le-belvedere\/\",\"name\":\"Le Belv\u00e9d\u00e8re : cotisation 2022 - Charme &amp; Caract\u00e8re\",\"isPartOf\":{\"@id\":\"https:\/\/charme-caractere.org\/#website\"},\"datePublished\":\"2022-01-24T18:47:02+00:00\",\"dateModified\":\"2022-01-24T18:47:02+00:00\",\"breadcrumb\":{\"@id\":\"https:\/\/charme-caractere.org\/es\/le-belvedere\/#breadcrumb\"},\"inLanguage\":\"es\",\"potentialAction\":[{\"@type\":\"ReadAction\",\"target\":[\"https:\/\/charme-caractere.org\/es\/le-belvedere\/\"]}]},{\"@type\":\"BreadcrumbList\",\"@id\":\"https:\/\/charme-caractere.org\/es\/le-belvedere\/#breadcrumb\",\"itemListElement\":[{\"@type\":\"ListItem\",\"position\":1,\"name\":\"Home\",\"item\":\"https:\/\/charme-caractere.org\/es\/\"},{\"@type\":\"ListItem\",\"position\":2,\"name\":\"Productos\",\"item\":\"https:\/\/charme-caractere.org\/es\/shop\/\"},{\"@type\":\"ListItem\",\"position\":3,\"name\":\"Le Belv\u00e9d\u00e8re : cotisation 2022\"}]},{\"@type\":\"WebSite\",\"@id\":\"https:\/\/charme-caractere.org\/#website\",\"url\":\"https:\/\/charme-caractere.org\/\",\"name\":\"Charme & Caract\u00e8re, h\u00f4teliers solidaires\",\"description\":\"H\u00f4teliers solidaires\",\"publisher\":{\"@id\":\"https:\/\/charme-caractere.org\/#organization\"},\"potentialAction\":[{\"@type\":\"SearchAction\",\"target\":{\"@type\":\"EntryPoint\",\"urlTemplate\":\"https:\/\/charme-caractere.org\/?s={search_term_string}\"},\"query-input\":\"required name=search_term_string\"}],\"inLanguage\":\"es\"},{\"@type\":\"Organization\",\"@id\":\"https:\/\/charme-caractere.org\/#organization\",\"name\":\"Charme & Caract\u00e8re\",\"url\":\"https:\/\/charme-caractere.org\/\",\"logo\":{\"@type\":\"ImageObject\",\"inLanguage\":\"es\",\"@id\":\"https:\/\/charme-caractere.org\/#\/schema\/logo\/image\/\",\"url\":\"https:\/\/charme-caractere.org\/wp-content\/uploads\/2020\/12\/logo-cc-full-800.png\",\"contentUrl\":\"https:\/\/charme-caractere.org\/wp-content\/uploads\/2020\/12\/logo-cc-full-800.png\",\"width\":800,\"height\":800,\"caption\":\"Charme & Caract\u00e8re\"},\"image\":{\"@id\":\"https:\/\/charme-caractere.org\/#\/schema\/logo\/image\/\"},\"sameAs\":[\"https:\/\/www.instagram.com\/charmecaractere\/\",\"https:\/\/fr.linkedin.com\/company\/hotelscharmecaractere\",\"https:\/\/www.youtube.com\/channel\/UC5KCJyTNtqFtNuotdB4Amow\",\"https:\/\/www.facebook.com\/hotelscharmecaractere\/\"]}]}<\/script>\n<!-- \/ Yoast SEO Premium plugin. -->","yoast_head_json":{"title":"Le Belv\u00e9d\u00e8re : cotisation 2022 - Charme &amp; Caract\u00e8re","robots":{"index":"index","follow":"follow","max-snippet":"max-snippet:-1","max-image-preview":"max-image-preview:large","max-video-preview":"max-video-preview:-1"},"canonical":"https:\/\/charme-caractere.org\/es\/le-belvedere\/","og_locale":"es_ES","og_type":"article","og_title":"Le Belv\u00e9d\u00e8re : cotisation 2022","og_description":"Votre cotisation pour l\u2019ann\u00e9e 2022 au r\u00e9seau Cosy Places en tant qu\u2019h\u00f4tel 3 \u00e9toiles avec 22 chambres et 1 restaurant aurait du s\u2019\u00e9l\u00e8ver \u00e0 580 \u20ac H.T.En raison des difficult\u00e9s li\u00e9 \u00e0 la pand\u00e9mie, nous vous accordons une remise exceptionelle qui baisse le montant de votre cotisation \u00e0 480 \u20ac H.T.Merci de votre confiance !","og_url":"https:\/\/charme-caractere.org\/es\/le-belvedere\/","og_site_name":"Charme &amp; Caract\u00e8re","article_publisher":"https:\/\/www.facebook.com\/hotelscharmecaractere\/","og_image":[{"width":1972,"height":1313,"url":"https:\/\/charme-caractere.org\/wp-content\/uploads\/2022\/01\/DJI_00071.jpg","type":"image\/jpeg"}],"twitter_card":"summary_large_image","schema":{"@context":"https:\/\/schema.org","@graph":[{"@type":"WebPage","@id":"https:\/\/charme-caractere.org\/es\/le-belvedere\/","url":"https:\/\/charme-caractere.org\/es\/le-belvedere\/","name":"Le Belv\u00e9d\u00e8re : cotisation 2022 - Charme &amp; Caract\u00e8re","isPartOf":{"@id":"https:\/\/charme-caractere.org\/#website"},"datePublished":"2022-01-24T18:47:02+00:00","dateModified":"2022-01-24T18:47:02+00:00","breadcrumb":{"@id":"https:\/\/charme-caractere.org\/es\/le-belvedere\/#breadcrumb"},"inLanguage":"es","potentialAction":[{"@type":"ReadAction","target":["https:\/\/charme-caractere.org\/es\/le-belvedere\/"]}]},{"@type":"BreadcrumbList","@id":"https:\/\/charme-caractere.org\/es\/le-belvedere\/#breadcrumb","itemListElement":[{"@type":"ListItem","position":1,"name":"Home","item":"https:\/\/charme-caractere.org\/es\/"},{"@type":"ListItem","position":2,"name":"Productos","item":"https:\/\/charme-caractere.org\/es\/shop\/"},{"@type":"ListItem","position":3,"name":"Le Belv\u00e9d\u00e8re : cotisation 2022"}]},{"@type":"WebSite","@id":"https:\/\/charme-caractere.org\/#website","url":"https:\/\/charme-caractere.org\/","name":"Charme & Caract\u00e8re, h\u00f4teliers solidaires","description":"H\u00f4teliers solidaires","publisher":{"@id":"https:\/\/charme-caractere.org\/#organization"},"potentialAction":[{"@type":"SearchAction","target":{"@type":"EntryPoint","urlTemplate":"https:\/\/charme-caractere.org\/?s={search_term_string}"},"query-input":"required name=search_term_string"}],"inLanguage":"es"},{"@type":"Organization","@id":"https:\/\/charme-caractere.org\/#organization","name":"Charme & Caract\u00e8re","url":"https:\/\/charme-caractere.org\/","logo":{"@type":"ImageObject","inLanguage":"es","@id":"https:\/\/charme-caractere.org\/#\/schema\/logo\/image\/","url":"https:\/\/charme-caractere.org\/wp-content\/uploads\/2020\/12\/logo-cc-full-800.png","contentUrl":"https:\/\/charme-caractere.org\/wp-content\/uploads\/2020\/12\/logo-cc-full-800.png","width":800,"height":800,"caption":"Charme & Caract\u00e8re"},"image":{"@id":"https:\/\/charme-caractere.org\/#\/schema\/logo\/image\/"},"sameAs":["https:\/\/www.instagram.com\/charmecaractere\/","https:\/\/fr.linkedin.com\/company\/hotelscharmecaractere","https:\/\/www.youtube.com\/channel\/UC5KCJyTNtqFtNuotdB4Amow","https:\/\/www.facebook.com\/hotelscharmecaractere\/"]}]}},"_links":{"self":[{"href":"https:\/\/charme-caractere.org\/es\/wp-json\/wp\/v2\/product\/14196"}],"collection":[{"href":"https:\/\/charme-caractere.org\/es\/wp-json\/wp\/v2\/product"}],"about":[{"href":"https:\/\/charme-caractere.org\/es\/wp-json\/wp\/v2\/types\/product"}],"version-history":[{"count":0,"href":"https:\/\/charme-caractere.org\/es\/wp-json\/wp\/v2\/product\/14196\/revisions"}],"wp:featuredmedia":[{"embeddable":true,"href":"https:\/\/charme-caractere.org\/es\/wp-json\/wp\/v2\/media\/14197"}],"wp:attachment":[{"href":"https:\/\/charme-caractere.org\/es\/wp-json\/wp\/v2\/media?parent=14196"}],"wp:term":[{"taxonomy":"product_cat","embeddable":true,"href":"https:\/\/charme-caractere.org\/es\/wp-json\/wp\/v2\/product_cat?post=14196"},{"taxonomy":"product_tag","embeddable":true,"href":"https:\/\/charme-caractere.org\/es\/wp-json\/wp\/v2\/product_tag?post=14196"}],"curies":[{"name":"wp","href":"https:\/\/api.w.org\/{rel}","templated":true}]}}

Le Belvédère : cotisation 2022

<p>Votre cotisation pour l’année 2022 au réseau Cosy Places  en tant qu’hôtel 3 étoiles avec 22 chambres et 1 restaurant aurait du s’élèver à 580 € H.T.<br />En raison des difficultés lié à la pandémie, nous vous accordons une remise exceptionelle qui baisse le montant de votre cotisation à 480 € H.T.<br />Merci de votre confiance !</p>

<!-- This site is optimized with the Yoast SEO Premium plugin v17.2 (Yoast SEO v19.10) - https://yoast.com/wordpress/plugins/seo/ -->
<title>Le Belvédère : cotisation 2022 - Charme &amp; Caractère</title>
<meta name="robots" content="index, follow, max-snippet:-1, max-image-preview:large, max-video-preview:-1" />
<link rel="canonical" href="https://charme-caractere.org/es/le-belvedere/" />
<meta property="og:locale" content="es_ES" />
<meta property="og:type" content="article" />
<meta property="og:title" content="Le Belvédère : cotisation 2022" />
<meta property="og:description" content="Votre cotisation pour l’année 2022 au réseau Cosy Places en tant qu’hôtel 3 étoiles avec 22 chambres et 1 restaurant aurait du s’élèver à 580 € H.T.En raison des difficultés lié à la pandémie, nous vous accordons une remise exceptionelle qui baisse le montant de votre cotisation à 480 € H.T.Merci de votre confiance !" />
<meta property="og:url" content="https://charme-caractere.org/es/le-belvedere/" />
<meta property="og:site_name" content="Charme &amp; Caractère" />
<meta property="article:publisher" content="https://www.facebook.com/hotelscharmecaractere/" />
<meta property="og:image" content="https://charme-caractere.org/wp-content/uploads/2022/01/DJI_00071.jpg" />
	<meta property="og:image:width" content="1972" />
	<meta property="og:image:height" content="1313" />
	<meta property="og:image:type" content="image/jpeg" />
<meta name="twitter:card" content="summary_large_image" />
<script type="application/ld+json" class="yoast-schema-graph">{"@context":"https://schema.org","@graph":[{"@type":"WebPage","@id":"https://charme-caractere.org/es/le-belvedere/","url":"https://charme-caractere.org/es/le-belvedere/","name":"Le Belvédère : cotisation 2022 - Charme &amp; Caractère","isPartOf":{"@id":"https://charme-caractere.org/#website"},"datePublished":"2022-01-24T18:47:02+00:00","dateModified":"2022-01-24T18:47:02+00:00","breadcrumb":{"@id":"https://charme-caractere.org/es/le-belvedere/#breadcrumb"},"inLanguage":"es","potentialAction":[{"@type":"ReadAction","target":["https://charme-caractere.org/es/le-belvedere/"]}]},{"@type":"BreadcrumbList","@id":"https://charme-caractere.org/es/le-belvedere/#breadcrumb","itemListElement":[{"@type":"ListItem","position":1,"name":"Home","item":"https://charme-caractere.org/es/"},{"@type":"ListItem","position":2,"name":"Productos","item":"https://charme-caractere.org/es/shop/"},{"@type":"ListItem","position":3,"name":"Le Belvédère : cotisation 2022"}]},{"@type":"WebSite","@id":"https://charme-caractere.org/#website","url":"https://charme-caractere.org/","name":"Charme & Caractère, hôteliers solidaires","description":"Hôteliers solidaires","publisher":{"@id":"https://charme-caractere.org/#organization"},"potentialAction":[{"@type":"SearchAction","target":{"@type":"EntryPoint","urlTemplate":"https://charme-caractere.org/?s={search_term_string}"},"query-input":"required name=search_term_string"}],"inLanguage":"es"},{"@type":"Organization","@id":"https://charme-caractere.org/#organization","name":"Charme & Caractère","url":"https://charme-caractere.org/","logo":{"@type":"ImageObject","inLanguage":"es","@id":"https://charme-caractere.org/#/schema/logo/image/","url":"https://charme-caractere.org/wp-content/uploads/2020/12/logo-cc-full-800.png","contentUrl":"https://charme-caractere.org/wp-content/uploads/2020/12/logo-cc-full-800.png","width":800,"height":800,"caption":"Charme & Caractère"},"image":{"@id":"https://charme-caractere.org/#/schema/logo/image/"},"sameAs":["https://www.instagram.com/charmecaractere/","https://fr.linkedin.com/company/hotelscharmecaractere","https://www.youtube.com/channel/UC5KCJyTNtqFtNuotdB4Amow","https://www.facebook.com/hotelscharmecaractere/"]}]}</script>
<!-- / Yoast SEO Premium plugin. -->

Le Belvédère : cotisation 2022 - Charme &amp; Caractère

Votre cotisation pour l’année 2022 au réseau Cosy Places en tant qu’hôtel 3 étoiles avec 22 chambres et 1 restaurant aurait du s’élèver à 580 € H.T.En raison des difficultés lié à la pandémie, nous vous accordons une remise exceptionelle qui baisse le montant de votre cotisation à 480 € H.T.Merci de votre confiance !

Charme &amp; Caractère

Charme & Caractère, hôteliers solidaires

Hôteliers solidaires

Charme & Caractère
