{"id":14123,"date":"2021-11-17T11:08:54","date_gmt":"2021-11-17T11:08:54","guid":{"rendered":"https:\/\/charme-caractere.org\/product\/etiquette-a-bagage\/"},"modified":"2021-11-17T11:08:59","modified_gmt":"2021-11-17T11:08:59","slug":"etiquette-a-bagage","status":"publish","type":"product","link":"https:\/\/charme-caractere.org\/es\/etiquette-a-bagage\/","title":{"rendered":"Etiquette \u00e0 bagage"},"content":{"rendered":"","protected":false},"excerpt":{"rendered":"<p>J&#8217;ai du Charme &#038; du Caract\u00e8re<\/p>\n","protected":false},"featured_media":0,"template":"","meta":[],"product_cat":[139],"product_tag":[],"yoast_head":"<!-- This site is optimized with the Yoast SEO Premium plugin v17.2 (Yoast SEO v19.10) - https:\/\/yoast.com\/wordpress\/plugins\/seo\/ -->\n<title>Etiquette \u00e0 bagage - Charme &amp; Caract\u00e8re<\/title>\n<meta name=\"robots\" content=\"index, follow, max-snippet:-1, max-image-preview:large, max-video-preview:-1\" \/>\n<link rel=\"canonical\" href=\"https:\/\/charme-caractere.org\/es\/etiquette-a-bagage\/\" \/>\n<meta property=\"og:locale\" content=\"es_ES\" \/>\n<meta property=\"og:type\" content=\"article\" \/>\n<meta property=\"og:title\" content=\"Etiquette \u00e0 bagage\" \/>\n<meta property=\"og:description\" content=\"J&#039;ai du Charme &amp; du Caract\u00e8re\" \/>\n<meta property=\"og:url\" content=\"https:\/\/charme-caractere.org\/es\/etiquette-a-bagage\/\" \/>\n<meta property=\"og:site_name\" content=\"Charme &amp; Caract\u00e8re\" \/>\n<meta property=\"article:publisher\" content=\"https:\/\/www.facebook.com\/hotelscharmecaractere\/\" \/>\n<meta property=\"article:modified_time\" content=\"2021-11-17T11:08:59+00:00\" \/>\n<meta name=\"twitter:card\" content=\"summary_large_image\" \/>\n<script type=\"application\/ld+json\" class=\"yoast-schema-graph\">{\"@context\":\"https:\/\/schema.org\",\"@graph\":[{\"@type\":\"WebPage\",\"@id\":\"https:\/\/charme-caractere.org\/es\/etiquette-a-bagage\/\",\"url\":\"https:\/\/charme-caractere.org\/es\/etiquette-a-bagage\/\",\"name\":\"Etiquette \u00e0 bagage - Charme &amp; Caract\u00e8re\",\"isPartOf\":{\"@id\":\"https:\/\/charme-caractere.org\/#website\"},\"datePublished\":\"2021-11-17T11:08:54+00:00\",\"dateModified\":\"2021-11-17T11:08:59+00:00\",\"breadcrumb\":{\"@id\":\"https:\/\/charme-caractere.org\/es\/etiquette-a-bagage\/#breadcrumb\"},\"inLanguage\":\"es\",\"potentialAction\":[{\"@type\":\"ReadAction\",\"target\":[\"https:\/\/charme-caractere.org\/es\/etiquette-a-bagage\/\"]}]},{\"@type\":\"BreadcrumbList\",\"@id\":\"https:\/\/charme-caractere.org\/es\/etiquette-a-bagage\/#breadcrumb\",\"itemListElement\":[{\"@type\":\"ListItem\",\"position\":1,\"name\":\"Home\",\"item\":\"https:\/\/charme-caractere.org\/es\/\"},{\"@type\":\"ListItem\",\"position\":2,\"name\":\"Productos\",\"item\":\"https:\/\/charme-caractere.org\/es\/shop\/\"},{\"@type\":\"ListItem\",\"position\":3,\"name\":\"Etiquette \u00e0 bagage\"}]},{\"@type\":\"WebSite\",\"@id\":\"https:\/\/charme-caractere.org\/#website\",\"url\":\"https:\/\/charme-caractere.org\/\",\"name\":\"Charme & Caract\u00e8re, h\u00f4teliers solidaires\",\"description\":\"H\u00f4teliers solidaires\",\"publisher\":{\"@id\":\"https:\/\/charme-caractere.org\/#organization\"},\"potentialAction\":[{\"@type\":\"SearchAction\",\"target\":{\"@type\":\"EntryPoint\",\"urlTemplate\":\"https:\/\/charme-caractere.org\/?s={search_term_string}\"},\"query-input\":\"required name=search_term_string\"}],\"inLanguage\":\"es\"},{\"@type\":\"Organization\",\"@id\":\"https:\/\/charme-caractere.org\/#organization\",\"name\":\"Charme & Caract\u00e8re\",\"url\":\"https:\/\/charme-caractere.org\/\",\"logo\":{\"@type\":\"ImageObject\",\"inLanguage\":\"es\",\"@id\":\"https:\/\/charme-caractere.org\/#\/schema\/logo\/image\/\",\"url\":\"https:\/\/charme-caractere.org\/wp-content\/uploads\/2020\/12\/logo-cc-full-800.png\",\"contentUrl\":\"https:\/\/charme-caractere.org\/wp-content\/uploads\/2020\/12\/logo-cc-full-800.png\",\"width\":800,\"height\":800,\"caption\":\"Charme & Caract\u00e8re\"},\"image\":{\"@id\":\"https:\/\/charme-caractere.org\/#\/schema\/logo\/image\/\"},\"sameAs\":[\"https:\/\/www.instagram.com\/charmecaractere\/\",\"https:\/\/fr.linkedin.com\/company\/hotelscharmecaractere\",\"https:\/\/www.youtube.com\/channel\/UC5KCJyTNtqFtNuotdB4Amow\",\"https:\/\/www.facebook.com\/hotelscharmecaractere\/\"]}]}<\/script>\n<!-- \/ Yoast SEO Premium plugin. -->","yoast_head_json":{"title":"Etiquette \u00e0 bagage - Charme &amp; Caract\u00e8re","robots":{"index":"index","follow":"follow","max-snippet":"max-snippet:-1","max-image-preview":"max-image-preview:large","max-video-preview":"max-video-preview:-1"},"canonical":"https:\/\/charme-caractere.org\/es\/etiquette-a-bagage\/","og_locale":"es_ES","og_type":"article","og_title":"Etiquette \u00e0 bagage","og_description":"J'ai du Charme & du Caract\u00e8re","og_url":"https:\/\/charme-caractere.org\/es\/etiquette-a-bagage\/","og_site_name":"Charme &amp; Caract\u00e8re","article_publisher":"https:\/\/www.facebook.com\/hotelscharmecaractere\/","article_modified_time":"2021-11-17T11:08:59+00:00","twitter_card":"summary_large_image","schema":{"@context":"https:\/\/schema.org","@graph":[{"@type":"WebPage","@id":"https:\/\/charme-caractere.org\/es\/etiquette-a-bagage\/","url":"https:\/\/charme-caractere.org\/es\/etiquette-a-bagage\/","name":"Etiquette \u00e0 bagage - Charme &amp; Caract\u00e8re","isPartOf":{"@id":"https:\/\/charme-caractere.org\/#website"},"datePublished":"2021-11-17T11:08:54+00:00","dateModified":"2021-11-17T11:08:59+00:00","breadcrumb":{"@id":"https:\/\/charme-caractere.org\/es\/etiquette-a-bagage\/#breadcrumb"},"inLanguage":"es","potentialAction":[{"@type":"ReadAction","target":["https:\/\/charme-caractere.org\/es\/etiquette-a-bagage\/"]}]},{"@type":"BreadcrumbList","@id":"https:\/\/charme-caractere.org\/es\/etiquette-a-bagage\/#breadcrumb","itemListElement":[{"@type":"ListItem","position":1,"name":"Home","item":"https:\/\/charme-caractere.org\/es\/"},{"@type":"ListItem","position":2,"name":"Productos","item":"https:\/\/charme-caractere.org\/es\/shop\/"},{"@type":"ListItem","position":3,"name":"Etiquette \u00e0 bagage"}]},{"@type":"WebSite","@id":"https:\/\/charme-caractere.org\/#website","url":"https:\/\/charme-caractere.org\/","name":"Charme & Caract\u00e8re, h\u00f4teliers solidaires","description":"H\u00f4teliers solidaires","publisher":{"@id":"https:\/\/charme-caractere.org\/#organization"},"potentialAction":[{"@type":"SearchAction","target":{"@type":"EntryPoint","urlTemplate":"https:\/\/charme-caractere.org\/?s={search_term_string}"},"query-input":"required name=search_term_string"}],"inLanguage":"es"},{"@type":"Organization","@id":"https:\/\/charme-caractere.org\/#organization","name":"Charme & Caract\u00e8re","url":"https:\/\/charme-caractere.org\/","logo":{"@type":"ImageObject","inLanguage":"es","@id":"https:\/\/charme-caractere.org\/#\/schema\/logo\/image\/","url":"https:\/\/charme-caractere.org\/wp-content\/uploads\/2020\/12\/logo-cc-full-800.png","contentUrl":"https:\/\/charme-caractere.org\/wp-content\/uploads\/2020\/12\/logo-cc-full-800.png","width":800,"height":800,"caption":"Charme & Caract\u00e8re"},"image":{"@id":"https:\/\/charme-caractere.org\/#\/schema\/logo\/image\/"},"sameAs":["https:\/\/www.instagram.com\/charmecaractere\/","https:\/\/fr.linkedin.com\/company\/hotelscharmecaractere","https:\/\/www.youtube.com\/channel\/UC5KCJyTNtqFtNuotdB4Amow","https:\/\/www.facebook.com\/hotelscharmecaractere\/"]}]}},"_links":{"self":[{"href":"https:\/\/charme-caractere.org\/es\/wp-json\/wp\/v2\/product\/14123"}],"collection":[{"href":"https:\/\/charme-caractere.org\/es\/wp-json\/wp\/v2\/product"}],"about":[{"href":"https:\/\/charme-caractere.org\/es\/wp-json\/wp\/v2\/types\/product"}],"version-history":[{"count":0,"href":"https:\/\/charme-caractere.org\/es\/wp-json\/wp\/v2\/product\/14123\/revisions"}],"wp:attachment":[{"href":"https:\/\/charme-caractere.org\/es\/wp-json\/wp\/v2\/media?parent=14123"}],"wp:term":[{"taxonomy":"product_cat","embeddable":true,"href":"https:\/\/charme-caractere.org\/es\/wp-json\/wp\/v2\/product_cat?post=14123"},{"taxonomy":"product_tag","embeddable":true,"href":"https:\/\/charme-caractere.org\/es\/wp-json\/wp\/v2\/product_tag?post=14123"}],"curies":[{"name":"wp","href":"https:\/\/api.w.org\/{rel}","templated":true}]}}

Etiquette à bagage

<p>J&#8217;ai du Charme &#038; du Caractère</p>

<!-- This site is optimized with the Yoast SEO Premium plugin v17.2 (Yoast SEO v19.10) - https://yoast.com/wordpress/plugins/seo/ -->
<title>Etiquette à bagage - Charme &amp; Caractère</title>
<meta name="robots" content="index, follow, max-snippet:-1, max-image-preview:large, max-video-preview:-1" />
<link rel="canonical" href="https://charme-caractere.org/es/etiquette-a-bagage/" />
<meta property="og:locale" content="es_ES" />
<meta property="og:type" content="article" />
<meta property="og:title" content="Etiquette à bagage" />
<meta property="og:description" content="J&#039;ai du Charme &amp; du Caractère" />
<meta property="og:url" content="https://charme-caractere.org/es/etiquette-a-bagage/" />
<meta property="og:site_name" content="Charme &amp; Caractère" />
<meta property="article:publisher" content="https://www.facebook.com/hotelscharmecaractere/" />
<meta property="article:modified_time" content="2021-11-17T11:08:59+00:00" />
<meta name="twitter:card" content="summary_large_image" />
<script type="application/ld+json" class="yoast-schema-graph">{"@context":"https://schema.org","@graph":[{"@type":"WebPage","@id":"https://charme-caractere.org/es/etiquette-a-bagage/","url":"https://charme-caractere.org/es/etiquette-a-bagage/","name":"Etiquette à bagage - Charme &amp; Caractère","isPartOf":{"@id":"https://charme-caractere.org/#website"},"datePublished":"2021-11-17T11:08:54+00:00","dateModified":"2021-11-17T11:08:59+00:00","breadcrumb":{"@id":"https://charme-caractere.org/es/etiquette-a-bagage/#breadcrumb"},"inLanguage":"es","potentialAction":[{"@type":"ReadAction","target":["https://charme-caractere.org/es/etiquette-a-bagage/"]}]},{"@type":"BreadcrumbList","@id":"https://charme-caractere.org/es/etiquette-a-bagage/#breadcrumb","itemListElement":[{"@type":"ListItem","position":1,"name":"Home","item":"https://charme-caractere.org/es/"},{"@type":"ListItem","position":2,"name":"Productos","item":"https://charme-caractere.org/es/shop/"},{"@type":"ListItem","position":3,"name":"Etiquette à bagage"}]},{"@type":"WebSite","@id":"https://charme-caractere.org/#website","url":"https://charme-caractere.org/","name":"Charme & Caractère, hôteliers solidaires","description":"Hôteliers solidaires","publisher":{"@id":"https://charme-caractere.org/#organization"},"potentialAction":[{"@type":"SearchAction","target":{"@type":"EntryPoint","urlTemplate":"https://charme-caractere.org/?s={search_term_string}"},"query-input":"required name=search_term_string"}],"inLanguage":"es"},{"@type":"Organization","@id":"https://charme-caractere.org/#organization","name":"Charme & Caractère","url":"https://charme-caractere.org/","logo":{"@type":"ImageObject","inLanguage":"es","@id":"https://charme-caractere.org/#/schema/logo/image/","url":"https://charme-caractere.org/wp-content/uploads/2020/12/logo-cc-full-800.png","contentUrl":"https://charme-caractere.org/wp-content/uploads/2020/12/logo-cc-full-800.png","width":800,"height":800,"caption":"Charme & Caractère"},"image":{"@id":"https://charme-caractere.org/#/schema/logo/image/"},"sameAs":["https://www.instagram.com/charmecaractere/","https://fr.linkedin.com/company/hotelscharmecaractere","https://www.youtube.com/channel/UC5KCJyTNtqFtNuotdB4Amow","https://www.facebook.com/hotelscharmecaractere/"]}]}</script>
<!-- / Yoast SEO Premium plugin. -->

Etiquette à bagage - Charme &amp; Caractère

J'ai du Charme & du Caractère

Charme &amp; Caractère

Charme & Caractère, hôteliers solidaires

Hôteliers solidaires

Charme & Caractère
